{"id":24,"date":"2019-09-11T13:32:48","date_gmt":"2019-09-11T13:32:48","guid":{"rendered":"https:\/\/oaksmoke.fi\/pages\/?page_id=24"},"modified":"2023-11-29T07:49:41","modified_gmt":"2023-11-29T07:49:41","slug":"etusivu","status":"publish","type":"page","link":"https:\/\/oaksmoke.fi\/","title":{"rendered":"Etusivu"},"content":{"rendered":"\n<p><strong>Aloita p\u00e4\u00e4ttym\u00e4t\u00f6n grillikausi!<\/strong><br>Oaksmoke-grillit ja -savustimet on suunniteltu ja valmistettu Suomessa, pohjoisiin olosuhteisiin.<br>Niill\u00e4 voi grillata ja savustaa vuoden ymp\u00e4ri. <\/p>\n\n\n\n<p>Oaksmoke-tuotteiden suunnittelussa ja valmistuksessa t\u00e4rkeit\u00e4 asioita ovat tuotteiden pitk\u00e4 kestoik\u00e4, toimiva ja turvallinen design, korkea laatu sek\u00e4 monik\u00e4ytt\u00f6isyys. Keskeist\u00e4 tuotteissamme on my\u00f6s yhteis\u00f6llinen ja el\u00e4myksellinen ruoanlaitto.<\/p>\n\n\n\n<p>T\u00e4ll\u00e4 hetkell\u00e4 p\u00e4\u00e4tuotteinamme ovat Oaksmoke <a href=\"https:\/\/oaksmoke.fi\/pages\/?page_id=83\">Octet Grillit<\/a>.<\/p>\n\n\n\n<p>K\u00e4y katsomassa <a href=\"https:\/\/oaksmoke.fi\/pages\/?page_id=159\">kuvagalleriastamme<\/a> Oaksmoke-tuotteiden kuvia.<br>Voit my\u00f6s ladata tulostettavat <a href=\"https:\/\/oaksmoke.fi\/pages\/?page_id=164\">esitteemme<\/a>.<\/p>\n\n\n\n<p>Tuotekehityksemme kehitt\u00e4\u00e4 uusia tuotteita&nbsp;ja lis\u00e4varusteita koko ajan lis\u00e4\u00e4. Ilmoitamme uusista tuotteista ja lis\u00e4varusteista oaksmoke.fi-sivustolla.<\/p>\n\n\n\n<p class=\"has-text-align-left\">Hyv\u00e4\u00e4 makua ruokaan, juomaan ja el\u00e4m\u00e4\u00e4n:<strong>&nbsp;Oaksmoke<\/strong><\/p>\n\n\n\n<figure class=\"wp-block-image size-large\"><img loading=\"lazy\" decoding=\"async\" width=\"1024\" height=\"1024\" src=\"https:\/\/oaksmoke.fi\/pages\/wp-content\/uploads\/2020\/07\/OaksmokeOctetGrill-MT-9-1024x1024.jpg\" alt=\"Oaksmoke Octet Grill - Suomessa valmistettu puugrilli. Avainlipputuote.\" class=\"wp-image-423\" srcset=\"https:\/\/oaksmoke.fi\/pages\/wp-content\/uploads\/2020\/07\/OaksmokeOctetGrill-MT-9-1024x1024.jpg 1024w, https:\/\/oaksmoke.fi\/pages\/wp-content\/uploads\/2020\/07\/OaksmokeOctetGrill-MT-9-300x300.jpg 300w, https:\/\/oaksmoke.fi\/pages\/wp-content\/uploads\/2020\/07\/OaksmokeOctetGrill-MT-9-150x150.jpg 150w, https:\/\/oaksmoke.fi\/pages\/wp-content\/uploads\/2020\/07\/OaksmokeOctetGrill-MT-9-768x768.jpg 768w, https:\/\/oaksmoke.fi\/pages\/wp-content\/uploads\/2020\/07\/OaksmokeOctetGrill-MT-9-1536x1536.jpg 1536w, https:\/\/oaksmoke.fi\/pages\/wp-content\/uploads\/2020\/07\/OaksmokeOctetGrill-MT-9.jpg 1599w\" sizes=\"auto, (max-width: 1024px) 100vw, 1024px\" \/><\/figure>\n\n\n\n<figure class=\"wp-block-image size-large\"><img loading=\"lazy\" decoding=\"async\" width=\"1024\" height=\"1024\" src=\"https:\/\/oaksmoke.fi\/pages\/wp-content\/uploads\/2020\/07\/OaksmokeOctetGrill-MT-3-1024x1024.jpg\" alt=\"Oaksmoke Octet Grill - Suomessa valmistettu puugrilli. Avainlipputuote.\" class=\"wp-image-425\" srcset=\"https:\/\/oaksmoke.fi\/pages\/wp-content\/uploads\/2020\/07\/OaksmokeOctetGrill-MT-3-1024x1024.jpg 1024w, https:\/\/oaksmoke.fi\/pages\/wp-content\/uploads\/2020\/07\/OaksmokeOctetGrill-MT-3-300x300.jpg 300w, https:\/\/oaksmoke.fi\/pages\/wp-content\/uploads\/2020\/07\/OaksmokeOctetGrill-MT-3-150x150.jpg 150w, https:\/\/oaksmoke.fi\/pages\/wp-content\/uploads\/2020\/07\/OaksmokeOctetGrill-MT-3-768x768.jpg 768w, https:\/\/oaksmoke.fi\/pages\/wp-content\/uploads\/2020\/07\/OaksmokeOctetGrill-MT-3-1536x1536.jpg 1536w, https:\/\/oaksmoke.fi\/pages\/wp-content\/uploads\/2020\/07\/OaksmokeOctetGrill-MT-3.jpg 1599w\" sizes=\"auto, (max-width: 1024px) 100vw, 1024px\" \/><\/figure>\n\n\n\n<figure class=\"wp-block-image size-large\"><img loading=\"lazy\" decoding=\"async\" width=\"1024\" height=\"576\" src=\"https:\/\/oaksmoke.fi\/pages\/wp-content\/uploads\/2019\/09\/Kuva00869-1024x576.jpg\" alt=\"Oaksmoke Octet Grill - Suomessa valmistettu puugrilli. Avainlipputuote.\" class=\"wp-image-142\" srcset=\"https:\/\/oaksmoke.fi\/pages\/wp-content\/uploads\/2019\/09\/Kuva00869.jpg 1024w, https:\/\/oaksmoke.fi\/pages\/wp-content\/uploads\/2019\/09\/Kuva00869-300x169.jpg 300w, https:\/\/oaksmoke.fi\/pages\/wp-content\/uploads\/2019\/09\/Kuva00869-768x432.jpg 768w\" sizes=\"auto, (max-width: 1024px) 100vw, 1024px\" \/><\/figure>\n\n\n\n<figure class=\"wp-block-image size-large\"><img loading=\"lazy\" decoding=\"async\" width=\"1024\" height=\"512\" src=\"https:\/\/oaksmoke.fi\/pages\/wp-content\/uploads\/2023\/01\/IMG_20200531_175953-1024x512.jpg\" alt=\"\" class=\"wp-image-521\" srcset=\"https:\/\/oaksmoke.fi\/pages\/wp-content\/uploads\/2023\/01\/IMG_20200531_175953-1024x512.jpg 1024w, https:\/\/oaksmoke.fi\/pages\/wp-content\/uploads\/2023\/01\/IMG_20200531_175953-300x150.jpg 300w, https:\/\/oaksmoke.fi\/pages\/wp-content\/uploads\/2023\/01\/IMG_20200531_175953-768x384.jpg 768w, https:\/\/oaksmoke.fi\/pages\/wp-content\/uploads\/2023\/01\/IMG_20200531_175953-1536x768.jpg 1536w, https:\/\/oaksmoke.fi\/pages\/wp-content\/uploads\/2023\/01\/IMG_20200531_175953.jpg 1920w\" sizes=\"auto, (max-width: 1024px) 100vw, 1024px\" \/><\/figure>\n\n\n\n<figure class=\"wp-block-image size-large\"><img loading=\"lazy\" decoding=\"async\" width=\"1024\" height=\"1024\" src=\"https:\/\/oaksmoke.fi\/pages\/wp-content\/uploads\/2020\/07\/OaksmokeOctetGrill-MT-6-1024x1024.jpg\" alt=\"Oaksmoke Octet Grill - Suomessa valmistettu puugrilli. Avainlipputuote.\" class=\"wp-image-426\" srcset=\"https:\/\/oaksmoke.fi\/pages\/wp-content\/uploads\/2020\/07\/OaksmokeOctetGrill-MT-6-1024x1024.jpg 1024w, https:\/\/oaksmoke.fi\/pages\/wp-content\/uploads\/2020\/07\/OaksmokeOctetGrill-MT-6-300x300.jpg 300w, https:\/\/oaksmoke.fi\/pages\/wp-content\/uploads\/2020\/07\/OaksmokeOctetGrill-MT-6-150x150.jpg 150w, https:\/\/oaksmoke.fi\/pages\/wp-content\/uploads\/2020\/07\/OaksmokeOctetGrill-MT-6-768x768.jpg 768w, https:\/\/oaksmoke.fi\/pages\/wp-content\/uploads\/2020\/07\/OaksmokeOctetGrill-MT-6-1536x1536.jpg 1536w, https:\/\/oaksmoke.fi\/pages\/wp-content\/uploads\/2020\/07\/OaksmokeOctetGrill-MT-6.jpg 1599w\" sizes=\"auto, (max-width: 1024px) 100vw, 1024px\" \/><\/figure>\n\n\n\n<p>Lis\u00e4\u00e4 kuvia <a href=\"https:\/\/oaksmoke.fi\/?page_id=159\">kuvagalleriassa<\/a><\/p>\n","protected":false},"excerpt":{"rendered":"<p>Aloita p\u00e4\u00e4ttym\u00e4t\u00f6n grillikausi!Oaksmoke-grillit ja -savustimet on suunniteltu ja valmistettu Suomessa, pohjoisiin olosuhteisiin.Niill\u00e4 voi grillata ja savustaa vuoden ymp\u00e4ri. Oaksmoke-tuotteiden suunnittelussa ja valmistuksessa t\u00e4rkeit\u00e4 asioita ovat tuotteiden pitk\u00e4 kestoik\u00e4, toimiva ja turvallinen design, korkea laatu sek\u00e4 monik\u00e4ytt\u00f6isyys. Keskeist\u00e4 tuotteissamme on my\u00f6s yhteis\u00f6llinen ja el\u00e4myksellinen ruoanlaitto. T\u00e4ll\u00e4 hetkell\u00e4 p\u00e4\u00e4tuotteinamme ovat Oaksmoke Octet Grillit. K\u00e4y katsomassa kuvagalleriastamme Oaksmoke-tuotteiden [&hellip;]<\/p>\n","protected":false},"author":1,"featured_media":0,"parent":0,"menu_order":0,"comment_status":"closed","ping_status":"closed","template":"","meta":{"footnotes":""},"class_list":["post-24","page","type-page","status-publish","hentry"],"_links":{"self":[{"href":"https:\/\/oaksmoke.fi\/index.php?rest_route=\/wp\/v2\/pages\/24","targetHints":{"allow":["GET"]}}],"collection":[{"href":"https:\/\/oaksmoke.fi\/index.php?rest_route=\/wp\/v2\/pages"}],"about":[{"href":"https:\/\/oaksmoke.fi\/index.php?rest_route=\/wp\/v2\/types\/page"}],"author":[{"embeddable":true,"href":"https:\/\/oaksmoke.fi\/index.php?rest_route=\/wp\/v2\/users\/1"}],"replies":[{"embeddable":true,"href":"https:\/\/oaksmoke.fi\/index.php?rest_route=%2Fwp%2Fv2%2Fcomments&post=24"}],"version-history":[{"count":38,"href":"https:\/\/oaksmoke.fi\/index.php?rest_route=\/wp\/v2\/pages\/24\/revisions"}],"predecessor-version":[{"id":542,"href":"https:\/\/oaksmoke.fi\/index.php?rest_route=\/wp\/v2\/pages\/24\/revisions\/542"}],"wp:attachment":[{"href":"https:\/\/oaksmoke.fi\/index.php?rest_route=%2Fwp%2Fv2%2Fmedia&parent=24"}],"curies":[{"name":"wp","href":"https:\/\/api.w.org\/{rel}","templated":true}]}}